{"id":9,"date":"2019-10-18T21:07:39","date_gmt":"2019-10-18T21:07:39","guid":{"rendered":"https:\/\/onlineacademiccommunity.uvic.ca\/indiscipline\/?page_id=9"},"modified":"2020-01-17T22:44:05","modified_gmt":"2020-01-17T22:44:05","slug":"liens-et-ressources-indisciplinees","status":"publish","type":"page","link":"https:\/\/onlineacademiccommunity.uvic.ca\/indiscipline\/liens-et-ressources-indisciplinees\/","title":{"rendered":"Liens et ressources indisciplin\u00e9es"},"content":{"rendered":"<p><a href=\"http:\/\/www.groupenotabene.com\/collection\/indiscipline\" target=\"_blank\" rel=\"noopener noreferrer\">Indiscipline<\/a>: collection dirig\u00e9e par \u00c9tienne BEAULIEU aux \u00c9ditions Nota bene<br \/>\nComment penser la reconfiguration des disciplines par la cr\u00e9ation elle-m\u00eame? Cette collection consacr\u00e9e \u00e0 la recherche-cr\u00e9ation veut ouvrir de nouveaux champs d&#8217;investigation pour une pens\u00e9e contemporaine des arts et des savoirs.<\/p>\n<p><a href=\"https:\/\/www.facebook.com\/groups\/recherchecreation\/\" target=\"_blank\" rel=\"noopener noreferrer\">Recherche-cr\u00e9ation en arts<\/a>: groupe Facebook consacr\u00e9 \u00e0 la recherche-cr\u00e9ation<\/p>\n<p><a href=\"http:\/\/www.pearltrees.com\/msuchet\/references-indisciplinaires\/id10165623\" target=\"_blank\" rel=\"noopener noreferrer\">R\u00e9f\u00e9rences, alliances et pistes indisciplinaires<\/a>: pearltrees par Myriam SUCHET<\/p>\n","protected":false},"excerpt":{"rendered":"<p>Indiscipline: collection dirig\u00e9e par \u00c9tienne BEAULIEU aux \u00c9ditions Nota bene Comment penser la reconfiguration des disciplines par la cr\u00e9ation elle-m\u00eame? Cette collection consacr\u00e9e \u00e0 la recherche-cr\u00e9ation veut ouvrir de nouveaux &#8230;<\/p>\n","protected":false},"author":7791,"featured_media":0,"parent":0,"menu_order":0,"comment_status":"closed","ping_status":"closed","template":"","meta":{"_et_pb_use_builder":"","_et_pb_old_content":"","_et_gb_content_width":"","footnotes":""},"class_list":["post-9","page","type-page","status-publish","hentry"],"_links":{"self":[{"href":"https:\/\/onlineacademiccommunity.uvic.ca\/indiscipline\/wp-json\/wp\/v2\/pages\/9","targetHints":{"allow":["GET"]}}],"collection":[{"href":"https:\/\/onlineacademiccommunity.uvic.ca\/indiscipline\/wp-json\/wp\/v2\/pages"}],"about":[{"href":"https:\/\/onlineacademiccommunity.uvic.ca\/indiscipline\/wp-json\/wp\/v2\/types\/page"}],"author":[{"embeddable":true,"href":"https:\/\/onlineacademiccommunity.uvic.ca\/indiscipline\/wp-json\/wp\/v2\/users\/7791"}],"replies":[{"embeddable":true,"href":"https:\/\/onlineacademiccommunity.uvic.ca\/indiscipline\/wp-json\/wp\/v2\/comments?post=9"}],"version-history":[{"count":6,"href":"https:\/\/onlineacademiccommunity.uvic.ca\/indiscipline\/wp-json\/wp\/v2\/pages\/9\/revisions"}],"predecessor-version":[{"id":140,"href":"https:\/\/onlineacademiccommunity.uvic.ca\/indiscipline\/wp-json\/wp\/v2\/pages\/9\/revisions\/140"}],"wp:attachment":[{"href":"https:\/\/onlineacademiccommunity.uvic.ca\/indiscipline\/wp-json\/wp\/v2\/media?parent=9"}],"curies":[{"name":"wp","href":"https:\/\/api.w.org\/{rel}","templated":true}]}}

Liens et ressources indisciplinées

<p><a href="http://www.groupenotabene.com/collection/indiscipline" target="_blank" rel="noopener noreferrer">Indiscipline</a>: collection dirigée par Étienne BEAULIEU aux Éditions Nota bene<br />
Comment penser la reconfiguration des disciplines par la création elle-même? Cette collection consacrée à la recherche-création veut ouvrir de nouveaux champs d&#8217;investigation pour une pensée contemporaine des arts et des savoirs.</p>
<p><a href="https://www.facebook.com/groups/recherchecreation/" target="_blank" rel="noopener noreferrer">Recherche-création en arts</a>: groupe Facebook consacré à la recherche-création</p>
<p><a href="http://www.pearltrees.com/msuchet/references-indisciplinaires/id10165623" target="_blank" rel="noopener noreferrer">Références, alliances et pistes indisciplinaires</a>: pearltrees par Myriam SUCHET</p>

<p>Indiscipline: collection dirigée par Étienne BEAULIEU aux Éditions Nota bene Comment penser la reconfiguration des disciplines par la création elle-même? Cette collection consacrée à la recherche-création veut ouvrir de nouveaux &#8230;</p>
