{"id":4536,"date":"2025-12-31T16:45:44","date_gmt":"2025-12-31T16:45:44","guid":{"rendered":"https:\/\/onlineacademiccommunity.uvic.ca\/implicitassociationtestsyessir\/?page_id=4536"},"modified":"2025-12-31T17:00:09","modified_gmt":"2025-12-31T17:00:09","slug":"elevate-ip","status":"publish","type":"page","link":"https:\/\/onlineacademiccommunity.uvic.ca\/implicitassociationtestsyessir\/elevate-ip\/","title":{"rendered":"Elevate IP"},"content":{"rendered":"\n<p><\/p>\n\n\n\n<p>The &#8220;Next-Generation&#8221; of ElevateIP starting in 2026 aims to scale successful models and maintain Canada\u2019s innovation edge through several key objectives:&nbsp;<\/p>\n\n\n\n<ul class=\"wp-block-list\">\n<li><strong>Commercialization Support:<\/strong>\u00a0Helping startups leverage intangible assets to compete globally and attract domestic investment.<\/li>\n\n\n\n<li><strong>Service Tiers:<\/strong>\u00a0The program will continue to provide three levels of support:\n<ul class=\"wp-block-list\">\n<li><strong>Tier 1:<\/strong>\u00a0IP education and awareness.<\/li>\n\n\n\n<li><strong>Tier 2:<\/strong>\u00a0Financial support for developing professional IP strategies.<\/li>\n\n\n\n<li><strong>Tier 3:<\/strong>\u00a0Subsidies for implementing those strategies, such as filing patents or trademarks.<\/li>\n<\/ul>\n<\/li>\n\n\n\n<li><strong>Performance Review:<\/strong>\u00a0A comprehensive review of national IP performance is planned for 2025\u20132026 to identify further opportunities to support IP-intensive firms.\u00a0<\/li>\n<\/ul>\n\n\n\n<p><strong>Regional Delivery Partners<\/strong><\/p>\n\n\n\n<p>Startups can continue to seek information through regional accelerators and incubators, including:&nbsp;<\/p>\n\n\n\n<ul class=\"wp-block-list\">\n<li><strong>Ontario, Manitoba, Saskatchewan:<\/strong>\u00a0Communitech<\/li>\n\n\n\n<li><strong>Alberta:<\/strong>\u00a0Innovate Calgary<\/li>\n\n\n\n<li><strong>British Columbia &amp; Territories:<\/strong>\u00a0New Ventures BC<\/li>\n\n\n\n<li><strong>Quebec:<\/strong>\u00a0MAIN (Mouvement des acc\u00e9l\u00e9rateurs d&#8217;innovation du Qu\u00e9bec)<\/li>\n\n\n\n<li><strong>Atlantic Canada:<\/strong>\u00a0Springboard Atlantic\u00a0<\/li>\n<\/ul>\n\n\n\n<p><\/p>\n\n\n\n<figure class=\"wp-block-image size-large\"><img loading=\"lazy\" decoding=\"async\" width=\"1024\" height=\"666\" src=\"https:\/\/onlineacademiccommunity.uvic.ca\/implicitassociationtestsyessir\/wp-content\/uploads\/sites\/9812\/2025\/12\/screenshot-2025-12-31-at-11.45.07-am-1024x666.png\" alt=\"\" class=\"wp-image-4549\" srcset=\"https:\/\/onlineacademiccommunity.uvic.ca\/implicitassociationtestsyessir\/wp-content\/uploads\/sites\/9812\/2025\/12\/screenshot-2025-12-31-at-11.45.07-am-1024x666.png 1024w, https:\/\/onlineacademiccommunity.uvic.ca\/implicitassociationtestsyessir\/wp-content\/uploads\/sites\/9812\/2025\/12\/screenshot-2025-12-31-at-11.45.07-am-300x195.png 300w, https:\/\/onlineacademiccommunity.uvic.ca\/implicitassociationtestsyessir\/wp-content\/uploads\/sites\/9812\/2025\/12\/screenshot-2025-12-31-at-11.45.07-am-768x499.png 768w, https:\/\/onlineacademiccommunity.uvic.ca\/implicitassociationtestsyessir\/wp-content\/uploads\/sites\/9812\/2025\/12\/screenshot-2025-12-31-at-11.45.07-am-1536x999.png 1536w, https:\/\/onlineacademiccommunity.uvic.ca\/implicitassociationtestsyessir\/wp-content\/uploads\/sites\/9812\/2025\/12\/screenshot-2025-12-31-at-11.45.07-am-2048x1332.png 2048w\" sizes=\"auto, (max-width: 1024px) 100vw, 1024px\" \/><\/figure>\n\n\n\n<p><a href=\"https:\/\/ised-isde.canada.ca\/site\/ised\/en\/programs-and-initiatives\/elevateip\">https:\/\/ised-isde.canada.ca\/site\/ised\/en\/programs-and-initiatives\/elevateip<\/a><\/p>\n","protected":false},"excerpt":{"rendered":"<p>The &#8220;Next-Generation&#8221; of ElevateIP starting in 2026 aims to scale successful models and maintain Canada\u2019s innovation edge through several key objectives:&nbsp; Regional Delivery Partners Startups can continue to seek information through regional accelerators and incubators, including:&nbsp; https:\/\/ised-isde.canada.ca\/site\/ised\/en\/programs-and-initiatives\/elevateip<\/p>\n","protected":false},"author":9299,"featured_media":0,"parent":0,"menu_order":0,"comment_status":"closed","ping_status":"closed","template":"","meta":{"footnotes":""},"class_list":["post-4536","page","type-page","status-publish","hentry"],"_links":{"self":[{"href":"https:\/\/onlineacademiccommunity.uvic.ca\/implicitassociationtestsyessir\/wp-json\/wp\/v2\/pages\/4536","targetHints":{"allow":["GET"]}}],"collection":[{"href":"https:\/\/onlineacademiccommunity.uvic.ca\/implicitassociationtestsyessir\/wp-json\/wp\/v2\/pages"}],"about":[{"href":"https:\/\/onlineacademiccommunity.uvic.ca\/implicitassociationtestsyessir\/wp-json\/wp\/v2\/types\/page"}],"author":[{"embeddable":true,"href":"https:\/\/onlineacademiccommunity.uvic.ca\/implicitassociationtestsyessir\/wp-json\/wp\/v2\/users\/9299"}],"replies":[{"embeddable":true,"href":"https:\/\/onlineacademiccommunity.uvic.ca\/implicitassociationtestsyessir\/wp-json\/wp\/v2\/comments?post=4536"}],"version-history":[{"count":2,"href":"https:\/\/onlineacademiccommunity.uvic.ca\/implicitassociationtestsyessir\/wp-json\/wp\/v2\/pages\/4536\/revisions"}],"predecessor-version":[{"id":4562,"href":"https:\/\/onlineacademiccommunity.uvic.ca\/implicitassociationtestsyessir\/wp-json\/wp\/v2\/pages\/4536\/revisions\/4562"}],"wp:attachment":[{"href":"https:\/\/onlineacademiccommunity.uvic.ca\/implicitassociationtestsyessir\/wp-json\/wp\/v2\/media?parent=4536"}],"curies":[{"name":"wp","href":"https:\/\/api.w.org\/{rel}","templated":true}]}}