{"id":44,"date":"2022-10-09T19:40:26","date_gmt":"2022-10-09T19:40:26","guid":{"rendered":"https:\/\/onlineacademiccommunity.uvic.ca\/firstgen\/?page_id=44"},"modified":"2024-11-29T01:05:20","modified_gmt":"2024-11-29T01:05:20","slug":"human-and-social-development","status":"publish","type":"page","link":"https:\/\/onlineacademiccommunity.uvic.ca\/firstgen\/human-and-social-development\/","title":{"rendered":"Human and Social Development"},"content":{"rendered":"<h2 class=\"profile-position\">Mentors of the Faculty of Human and Social Development<\/h2>\n<div>\n<div>\n<hr \/>\n<div>\n<div class=\"profile-position\"><strong>Farah Mawani<img loading=\"lazy\" decoding=\"async\" class=\" wp-image-212 alignleft\" src=\"https:\/\/onlineacademiccommunity.uvic.ca\/firstgen\/wp-content\/uploads\/sites\/7363\/2022\/10\/uvic-profile-pic-fnm-resized.jpg\" alt=\"\" width=\"197\" height=\"281\" \/><\/strong><\/div>\n<div>\n<div class=\"profile-position\"><em>Assistant Professor<\/em><\/div>\n<div>School of Child and Youth Care<\/div>\n<div><\/div>\n<\/div>\n<\/div>\n<\/div>\n<\/div>\n<p>&nbsp;<\/p>\n<p>&nbsp;<\/p>\n<p>&nbsp;<\/p>\n<p>&nbsp;<\/p>\n<p>&nbsp;<\/p>\n<div>\n<p style=\"text-align: right\"><a href=\"https:\/\/www.uvic.ca\/hsd\/cyc\/people\/home\/faculty\/profiles\/mawani-farah.php\">View Farah Mawani&#8217;s UVic profile<\/a><\/p>\n<hr \/>\n<div class=\"profile-position\"><strong>Jaehee <span style=\"font-size: 11px\"><img loading=\"lazy\" decoding=\"async\" class=\" wp-image-214 alignleft\" src=\"https:\/\/onlineacademiccommunity.uvic.ca\/firstgen\/wp-content\/uploads\/sites\/7363\/2022\/10\/jaehee-yi-222x300.png\" alt=\"\" width=\"197\" height=\"274\" \/><\/span>Yi (Not currently available)<\/strong><\/div>\n<div>\n<div class=\"profile-position\"><em>Professor<\/em><\/div>\n<div>School of Social Work<\/div>\n<div><span style=\"font-size: 11px\">I am Jaehee Yi in School of Social Work. I was born and raised in Korea. My family was very poor. My parents did not even graduate from elementary school. Their hope was that I graduate from middle school, learn abacus skills, and get a job at a bank. I met many mentors through my life, who inspired, encouraged, and supported me to go to high school, college, and further beyond. While working in the U.S. as a professor for 11 years, I have mentored many first generational students. I just arrived in Canada in August 2022. I hope to meet many students at UVic! P.S. I am queer.<\/span><\/div>\n<\/div>\n<div>\n<p>&nbsp;<\/p>\n<p>&nbsp;<\/p>\n<p style=\"text-align: right\"><a href=\"https:\/\/www.uvic.ca\/hsd\/socialwork\/faculty\/home\/faculty\/Members\/yi-jaehee.php\">View Jaehee Yi&#8217;s UVic profile<\/a><\/p>\n<hr \/>\n<div class=\"profile-position\"><strong>Lorelei Newton<img loading=\"lazy\" decoding=\"async\" class=\" wp-image-274 alignleft\" src=\"https:\/\/onlineacademiccommunity.uvic.ca\/firstgen\/wp-content\/uploads\/sites\/7363\/2022\/10\/lorelei-214x300.png\" alt=\"\" width=\"202\" height=\"283\" srcset=\"https:\/\/onlineacademiccommunity.uvic.ca\/firstgen\/wp-content\/uploads\/sites\/7363\/2022\/10\/lorelei-214x300.png 214w, https:\/\/onlineacademiccommunity.uvic.ca\/firstgen\/wp-content\/uploads\/sites\/7363\/2022\/10\/lorelei.png 445w\" sizes=\"auto, (max-width: 202px) 100vw, 202px\" \/><\/strong><\/div>\n<div>\n<div class=\"profile-position\"><em>Assistant Professor<\/em><\/div>\n<div>School of Nursing<\/div>\n<div><span style=\"font-size: 11px\">I am an Assistant Professor at the School of Nursing but my background is mostly as a practicing nurse. When I was a student (undergraduate and graduate), I was sensitive to the many implicit and explicit messages I received that I probably did not belong in academia. The whole process was mystical and challenging to negotiate with no guidance &#8212; or even someone to ask simple questions (I felt stupid asking the questions that others thought obvious). I also seemed to make so many mistakes! Now, my goal as an educator is to de-mystify postsecondary education and research.<\/span><\/div>\n<\/div>\n<div>\n<p>&nbsp;<\/p>\n<p>&nbsp;<\/p>\n<p style=\"text-align: right\"><a href=\"https:\/\/www.uvic.ca\/hsd\/nursing\/people\/home\/faculty\/profiles\/newton.php\">View Lorelei Newton&#8217;s UVic profile<\/a><\/p>\n<\/div>\n<hr \/>\n<div>\n<div class=\"profile-position\"><strong>Marilou Gagnon<img loading=\"lazy\" decoding=\"async\" class=\" wp-image-218 alignleft\" src=\"https:\/\/onlineacademiccommunity.uvic.ca\/firstgen\/wp-content\/uploads\/sites\/7363\/2022\/10\/marilou-gagnon-284x300.png\" alt=\"\" width=\"202\" height=\"227\" \/><br \/>\n<\/strong><\/div>\n<div>\n<div class=\"profile-position\"><i>Professor<\/i><\/div>\n<div>School of Nurse<\/div>\n<div><span style=\"font-size: 11px\">I grew up in a small town outside of Montr\u00e9al. My first language is French. I completed a professional nursing degree in C\u00e9gep. I worked as a trauma and ER nurse during my undergraduate in nursing at U de Montr\u00e9al. After my first year at the master\u2019s, I fast-tracked to the PhD program at U of Ottawa. I worked as a nursing prof at U of Ottawa before coming to UVic in 2018. In 2020, I returned to school to complete my LLM in Health Law. I\u2019m passionate about mentoring students because I was lucky to encounter a lot of great mentors in my life. I know (first-hand) that surrounded by the right people, anything is possible \ud83d\ude42<\/span><\/div>\n<\/div>\n<div>\n<p>&nbsp;<\/p>\n<p style=\"text-align: right\"><a href=\"https:\/\/www.uvic.ca\/research\/centres\/cisur\/about\/scientists\/profiles\/gagnon-marilou.php\">View Marilou Gagnon&#8217;s UVic profile<\/a><\/p>\n<hr \/>\n<div class=\"profile-position\"><strong>Richard T. Marcy<img loading=\"lazy\" decoding=\"async\" class=\"size-full wp-image-343 alignleft\" src=\"https:\/\/onlineacademiccommunity.uvic.ca\/firstgen\/wp-content\/uploads\/sites\/7363\/2022\/11\/richmarcy1.jpg\" alt=\"\" width=\"154\" height=\"220\" \/><br \/>\n<\/strong><\/div>\n<div>\n<div class=\"profile-position\"><i>Associate Professor<\/i><\/div>\n<div>School of Public Administration<\/div>\n<div><span style=\"font-size: 11px\">I grew up in a really great, small village in upstate New York. I come from a military family (father, two uncles, grandfather, great uncles all served) and I joined the Marines after I graduated high school. After my enlistment was up, I went to the University of Buffalo and studied video art and media. After graduating from UB, I worked for an international consulting firm, where I was first exposed to the field of Industrial-Organizational (I\/O) Psychology. This led me to get a MS and PhD in I\/O. After earning my doctorate, I did a postdoctoral fellowship with the Center of Creative Leadership, and was later offered a position at the University of Victoria.\u00a0 <\/span><span style=\"font-size: 11px\">For many of these experiences, I was initially flying blind, but I met a number of great people along the way and Im extremely grateful for their helpful thoughts and advice. In thinking of them, I\u2019ve decided to participate in this program, hopefully helping somewhat where I can.<\/span><\/div>\n<\/div>\n<div>\n<p>&nbsp;<\/p>\n<p style=\"text-align: right\"><a href=\"https:\/\/www.uvic.ca\/hsd\/publicadmin\/people\/home\/faculty\/marcy-richard.php\">View Richard T. Marcy&#8217;s UVic profile<\/a><\/p>\n<hr \/>\n<div class=\"profile-position\"><strong>Valerie Jefferd<img loading=\"lazy\" decoding=\"async\" class=\" wp-image-221 alignleft\" src=\"https:\/\/onlineacademiccommunity.uvic.ca\/firstgen\/wp-content\/uploads\/sites\/7363\/2022\/10\/valerie-jefferd-300x207.png\" alt=\"\" width=\"202\" height=\"131\" \/><br \/>\n<\/strong><\/div>\n<div>\n<div class=\"profile-position\"><i>Adjunt Assistant Professor<\/i><\/div>\n<div>Nursing<\/div>\n<div><span style=\"font-size: 11px\">I am an Indigenous Nurse Practitioner (Family) and work and play in the beautiful Cowichan Valley. I work in two Indigenous communities as a primary healthcare provider for the Coast Salish Peoples. <\/span><span style=\"font-size: 11px\">I am Haida, from the Saagwii Gitanee Eagle Clan on my mother side and 2<\/span><span style=\"font-size: 11px\">nd<\/span><span style=\"font-size: 11px\"> generation English settler on my father side. <\/span><span style=\"font-size: 11px\">I started my post-secondary studies in dental as a dental assistant, then I migrated over into nursing where I attained my Bachelor of Nursing degree from Malaspina\/Uvic. Then 12 years later I obtained my Masters\/Nurse Practitioner Degree at Uvic as well.\u00a0<\/span><span style=\"font-size: 11px\">The reason I want to be a mentor because I was the first in my family to seek post-secondary education and it was not an easy process. I didn\u2019t have family that had attended university or many friends at the time that were pursuing post-secondary education, so I didn\u2019t have many people I could fall back on to ask questions, and what to expect when the unexpected happened in navigating the many roads and paths of post-secondary education and university.\u00a0<\/span><span style=\"font-size: 11px\">I look forward to assisting and helping the First Generation Mentee\u2019s navigate the many roads and paths they will travel. <\/span><\/div>\n<div><span style=\"font-size: 11px\">Email : <a href=\"vjefferd@uvic.ca\">vjefferd@uvic.ca<\/a><\/span><\/div>\n<div>\n<hr \/>\n<\/div>\n<\/div>\n<div>\n<p>&nbsp;<\/p>\n<\/div>\n<\/div>\n<\/div>\n<\/div>\n<\/div>\n<\/div>\n","protected":false},"excerpt":{"rendered":"<p>Mentors of the Faculty of Human and Social Development Farah Mawani Assistant Professor School of Child and Youth Care &nbsp; &nbsp; &nbsp; &nbsp; &nbsp; View Farah Mawani&#8217;s UVic profile Jaehee &#8230;<\/p>\n","protected":false},"author":15946,"featured_media":0,"parent":0,"menu_order":0,"comment_status":"closed","ping_status":"closed","template":"","meta":{"footnotes":""},"class_list":["post-44","page","type-page","status-publish","hentry"],"_links":{"self":[{"href":"https:\/\/onlineacademiccommunity.uvic.ca\/firstgen\/wp-json\/wp\/v2\/pages\/44","targetHints":{"allow":["GET"]}}],"collection":[{"href":"https:\/\/onlineacademiccommunity.uvic.ca\/firstgen\/wp-json\/wp\/v2\/pages"}],"about":[{"href":"https:\/\/onlineacademiccommunity.uvic.ca\/firstgen\/wp-json\/wp\/v2\/types\/page"}],"author":[{"embeddable":true,"href":"https:\/\/onlineacademiccommunity.uvic.ca\/firstgen\/wp-json\/wp\/v2\/users\/15946"}],"replies":[{"embeddable":true,"href":"https:\/\/onlineacademiccommunity.uvic.ca\/firstgen\/wp-json\/wp\/v2\/comments?post=44"}],"version-history":[{"count":29,"href":"https:\/\/onlineacademiccommunity.uvic.ca\/firstgen\/wp-json\/wp\/v2\/pages\/44\/revisions"}],"predecessor-version":[{"id":456,"href":"https:\/\/onlineacademiccommunity.uvic.ca\/firstgen\/wp-json\/wp\/v2\/pages\/44\/revisions\/456"}],"wp:attachment":[{"href":"https:\/\/onlineacademiccommunity.uvic.ca\/firstgen\/wp-json\/wp\/v2\/media?parent=44"}],"curies":[{"name":"wp","href":"https:\/\/api.w.org\/{rel}","templated":true}]}}