{"id":1039,"date":"2018-11-15T16:30:30","date_gmt":"2018-11-16T00:30:30","guid":{"rendered":"https:\/\/onlineacademiccommunity.uvic.ca\/cortexlab\/?page_id=1039"},"modified":"2023-09-07T12:53:02","modified_gmt":"2023-09-07T19:53:02","slug":"book-chapters","status":"publish","type":"page","link":"https:\/\/onlineacademiccommunity.uvic.ca\/cortexlab\/book-chapters\/","title":{"rendered":"Book Chapters"},"content":{"rendered":"<p>[et_pb_section fb_built=&#8221;1&#8243; custom_padding_last_edited=&#8221;on|desktop&#8221; admin_label=&#8221;section&#8221; _builder_version=&#8221;4.16&#8243; background_color=&#8221;#000000&#8243; custom_padding_tablet=&#8221;50px|0|50px|0&#8243; custom_padding_phone=&#8221;&#8221; padding_mobile=&#8221;off&#8221; global_colors_info=&#8221;{}&#8221;][et_pb_row padding_mobile=&#8221;off&#8221; column_padding_mobile=&#8221;on&#8221; admin_label=&#8221;row&#8221; _builder_version=&#8221;4.16&#8243; background_size=&#8221;initial&#8221; background_position=&#8221;top_left&#8221; background_repeat=&#8221;repeat&#8221; custom_padding=&#8221;6px|50px|27px|50px&#8221; global_colors_info=&#8221;{}&#8221;][et_pb_column type=&#8221;4_4&#8243; _builder_version=&#8221;4.16&#8243; custom_padding=&#8221;|||&#8221; global_colors_info=&#8221;{}&#8221; custom_padding__hover=&#8221;|||&#8221;][et_pb_text _builder_version=&#8221;4.16&#8243; background_size=&#8221;initial&#8221; background_position=&#8221;top_left&#8221; background_repeat=&#8221;repeat&#8221; background_layout=&#8221;dark&#8221; z_index_tablet=&#8221;500&#8243; text_text_shadow_horizontal_length_tablet=&#8221;0px&#8221; text_text_shadow_vertical_length_tablet=&#8221;0px&#8221; text_text_shadow_blur_strength_tablet=&#8221;1px&#8221; link_text_shadow_horizontal_length_tablet=&#8221;0px&#8221; link_text_shadow_vertical_length_tablet=&#8221;0px&#8221; link_text_shadow_blur_strength_tablet=&#8221;1px&#8221; ul_text_shadow_horizontal_length_tablet=&#8221;0px&#8221; ul_text_shadow_vertical_length_tablet=&#8221;0px&#8221; ul_text_shadow_blur_strength_tablet=&#8221;1px&#8221; ol_text_shadow_horizontal_length_tablet=&#8221;0px&#8221; ol_text_shadow_vertical_length_tablet=&#8221;0px&#8221; ol_text_shadow_blur_strength_tablet=&#8221;1px&#8221; quote_text_shadow_horizontal_length_tablet=&#8221;0px&#8221; quote_text_shadow_vertical_length_tablet=&#8221;0px&#8221; quote_text_shadow_blur_strength_tablet=&#8221;1px&#8221; header_text_shadow_horizontal_length_tablet=&#8221;0px&#8221; header_text_shadow_vertical_length_tablet=&#8221;0px&#8221; header_text_shadow_blur_strength_tablet=&#8221;1px&#8221; header_2_text_shadow_horizontal_length_tablet=&#8221;0px&#8221; header_2_text_shadow_vertical_length_tablet=&#8221;0px&#8221; header_2_text_shadow_blur_strength_tablet=&#8221;1px&#8221; header_3_text_shadow_horizontal_length_tablet=&#8221;0px&#8221; header_3_text_shadow_vertical_length_tablet=&#8221;0px&#8221; header_3_text_shadow_blur_strength_tablet=&#8221;1px&#8221; header_4_text_shadow_horizontal_length_tablet=&#8221;0px&#8221; header_4_text_shadow_vertical_length_tablet=&#8221;0px&#8221; header_4_text_shadow_blur_strength_tablet=&#8221;1px&#8221; header_5_text_shadow_horizontal_length_tablet=&#8221;0px&#8221; header_5_text_shadow_vertical_length_tablet=&#8221;0px&#8221; header_5_text_shadow_blur_strength_tablet=&#8221;1px&#8221; header_6_text_shadow_horizontal_length_tablet=&#8221;0px&#8221; header_6_text_shadow_vertical_length_tablet=&#8221;0px&#8221; header_6_text_shadow_blur_strength_tablet=&#8221;1px&#8221; box_shadow_horizontal_tablet=&#8221;0px&#8221; box_shadow_vertical_tablet=&#8221;0px&#8221; box_shadow_blur_tablet=&#8221;40px&#8221; box_shadow_spread_tablet=&#8221;0px&#8221; global_colors_info=&#8221;{}&#8221;]<\/p>\n<div id=\"body_layer\">\n<div id=\"id10\" class=\"style_SkipStroke_4 shape-with-text\">\n<div class=\"text-content graphic_textbox_layout_style_default_External_656_7819\">\n<div class=\"graphic_textbox_layout_style_default\">\n<h2 class=\"paragraph_style_1\" style=\"text-align: center\"><strong>Book Chapters<\/strong><\/h2>\n<p><span>Garcia-Barrera, M. A. (2022). Mis Conversaciones sobre la Funci\u00f3n Ejecutiva con el Gran Alfredo Ardila. In N. Ocampo-Barba (Ed.), <\/span><em>Alfredo Ardila: Neuropsicolog\u00eda desde y hacia Latinoam\u00e9rica<\/em><span> (pp. 149-191). Instituto de Neurociencias Comportamentales, Universidad Aut\u00f3noma Gabriel Ren\u00e9 Moreno, Bolivia.<\/span>\u00a0<\/p>\n<p>Garcia-Barrera, M. A. (2021). McCloskey Executive Functions Scale (test review). In J. F. Carlson, K. F. Geisinger, &amp; J. L. Jonson (Eds.), <em>The Twenty-First Mental Measurements Yearbook<\/em> (pp. 394-396). Lincoln, NE: Buros Center for Testing.<\/p>\n<p>Garcia-Barrera, M. A. (2021). Executive Functions Test-Elementary: Normative Update (test review). In J. F. Carlson, K. F. Geisinger, &amp; J. L. Jonson (Eds.), <em>The Twenty-First Mental Measurements Yearbook<\/em> (pp. 254-256). Lincoln, NE: Buros Center for Testing.<\/p>\n<p>Garcia-Barrera, M. A. (2019). Unity and diversity of dysexecutive syndromes. In: Ardila A., Fatima S., Rosselli M. (Eds) Dysexecutive Syndromes (pp. 3-27). Springer, Cham. <a href=\"https:\/\/doi.org\/10.1007\/978-3-030-25077-5_1\" target=\"_blank\" rel=\"noopener noreferrer\" data-saferedirecturl=\"https:\/\/www.google.com\/url?q=https:\/\/doi.org\/10.1007\/978-3-030-25077-5_1&amp;source=gmail&amp;ust=1573072962152000&amp;usg=AFQjCNFfkKnajfx2mEVBZHVjVRE0eSkDbg\">https:\/\/doi.org\/10.1007\/978-3-030-25077-5_1<\/a><\/p>\n<p>Garcia-Barrera M. A., Agate F. T., Wong R. E., Smart C. M., &amp; Karr J. E. (2019) Executive Dysfunction After Traumatic Brain Injury. In: Ardila A., Fatima S., Rosselli M. (Eds) Dysexecutive Syndromes (pp. 83-122). Springer, Cham. <a href=\"https:\/\/doi.org\/10.1007\/978-3-030-25077-5_5\" target=\"_blank\" rel=\"noopener noreferrer\" data-saferedirecturl=\"https:\/\/www.google.com\/url?q=https:\/\/doi.org\/10.1007\/978-3-030-25077-5_5&amp;source=gmail&amp;ust=1573072962152000&amp;usg=AFQjCNGBL_zipIjkcqhf-jtsKpaVoJiLmw\">https:\/\/doi.org\/10.1007\/978-3-030-25077-5_5<\/a><\/p>\n<p>Agate, F. T. &amp; Garcia-Barrera, M. A. (2019). Assessment issues within neuropsychological settings. Suhr J, &amp; Sellbom M. <em>Cambridge Handbook of Clinical Assessment and Diagnosis<\/em> (pp. 1-25). Cambridge University Press.<\/p>\n<p><span>Garcia-Barrera, M. A. (2017). Nonverbal Stroop Card Sorting Test (test review). In J. F. Carlson, K. F. Geisinger, &amp; J. L. Jonson (Eds.), <\/span><em>The Twentieth Mental Measurements Yearbook<\/em><span> (pp. 531-536). Lincoln, NE: Buros Center for Testing.<\/span><\/p>\n<p>Duggan, E. C., &amp; Garcia-Barrera, M. A. (2015). Executive functioning and intelligence. In S. Goldstein, J. A. Naglieri, &amp; D. Princiotta (Eds.), <em>Handbook of intelligence: Evolutionary theory, historical perspective, and current concepts <\/em> (pp. 435-458). New York: Springer Publishing Co. http:\/\/dx.doi.org\/10.1007\/978-1-4939-1562-0_27<\/p>\n<p>Garcia-Barrera, M. A., Smart, C. M., &amp; Mateer, C. A. (2014). Rehabilitaci\u00f3n neuropsicol\u00f3gica de las funciones ejecutivas [Neuropsychological rehabilitation of executive functions]. In A. L. Dotor-Llerena &amp; J. C. Arango-Lasprilla (Eds.), <em>Rehabilitaci\u00f3n cognitiva de personas con lesi\u00f3n cerebral [Cognitive rehabilitation of people with brain injury]<\/em> (pp. 165-186). Mexico, D. C.: Trillas.<\/p>\n<p>Garcia-Barrera, M. A., Duggan, E. C., Karr, J. E., &amp; Reynolds, C. R. (2014). Examining executive functions using the Behavior Assessment System for Children. In S. Goldstein &amp; J. Naglieri (Eds.), <em>Handbook of executive functioning<\/em> (pp. 283-299). New York: Springer Publishing Co. doi: 10.1007\/978-1-4614-8106-5_17<\/p>\n<p>Garcia-Barrera, M. A &amp; Moore, W. R. (2013). History-taking, clinical interviewing, and the mental status examination in child assessment. In D. H. Saklofske, V. L. Schwean, &amp; C. Reynolds (Eds.), <em>Oxford Handbook of Psychological Assessment of Children and Adolescents<\/em> (pp. 423-444). Oxford University Press.<\/p>\n<p>Garcia-Barrera, M. A., Direnfeld, E., Frazer, J., Moore, W. R. (2012). Objective and projective assessment techniques. In C.A. Noggle &amp; R. S. Dean (Eds.) <em>The Neuropsychology of Psychopathology<\/em> (pp. 473-494). New York: Springer Publishing Company.<\/p>\n<p>Garcia-Barrera, M. A. (2012). Psychopathology of mood disorders. In A. Davis (Ed.)<em> Psychopathology of Childhood and Adolescence. A Neuropsychological Approach<\/em> (pp. 385-413). New York: Springer Publishing Company.<\/p>\n<p>Garcia-Barrera, M. A. (2011). Mood disorders of childhood and adolescence. In A. Davis (Eds.), <em>Handbook of Pediatric Neuropsychology<\/em> (pp. 647-667). New York: Springer Publishing Company<\/p>\n<p>Garcia-Barrera, M. A. (2008). Alteraciones de la funci\u00f3n ejecutiva como factor com\u00fan a los trastornos del comportamiento en ni\u00f1os escolarizados [Executive function impairments as a common factor among behavioral disorders in school-aged children]. In D. A. Pineda (Ed.) <em>GRUNECO:10 a\u00f1os de investigaci\u00f3n en neuropsicolog\u00eda<\/em> (pp. 65 &#8211; 79). Medellin: Editorial Universidad San Buenaventura. .<\/p>\n<p>Garcia-Barrera, M. A., &amp; Kamphaus, R. W. (2006). Attention Deficit Hyperactivity Disorder. In R. W. Kamphaus &amp; J. Campbell (Eds.), <em>Psychodiagnostic Assessment of Children: Dimensional and Categorical Methods<\/em> (pp. 319-355). New York: Wiley Press.<\/p>\n<p>Sanchez, J., Miller, C. J., Garcia, M. A., &amp; Hynd, G. W. (2005). Reading Disabilities in Children with Attention-Deficit Hyperactivity Disorder. In\u00a0 D. Gozal &amp; D. L. Molfese (Eds.) <em>Attention Deficit Hyperactivity Disorder: From Genes to Animal Models to Patients<\/em> (pp. 337-358). Totowa, NJ: Humana Press.<\/p>\n<\/div>\n<\/div>\n<\/div>\n<\/div>\n<p>[\/et_pb_text][\/et_pb_column][\/et_pb_row][\/et_pb_section]<\/p>\n","protected":false},"excerpt":{"rendered":"<p>Book Chapters Garcia-Barrera, M. A. (2022). Mis Conversaciones sobre la Funci\u00f3n Ejecutiva con el Gran Alfredo Ardila. In N. Ocampo-Barba (Ed.), Alfredo Ardila: Neuropsicolog\u00eda desde y hacia Latinoam\u00e9rica (pp. 149-191). Instituto de Neurociencias Comportamentales, Universidad Aut\u00f3noma Gabriel Ren\u00e9 Moreno, Bolivia.\u00a0 Garcia-Barrera, M. A. (2021). McCloskey Executive Functions Scale (test review). In J. F. Carlson, K. [&hellip;]<\/p>\n","protected":false},"author":6141,"featured_media":0,"parent":0,"menu_order":0,"comment_status":"closed","ping_status":"closed","template":"","meta":{"_et_pb_use_builder":"on","_et_pb_old_content":"","_et_gb_content_width":"","footnotes":""},"class_list":["post-1039","page","type-page","status-publish","hentry"],"_links":{"self":[{"href":"https:\/\/onlineacademiccommunity.uvic.ca\/cortexlab\/wp-json\/wp\/v2\/pages\/1039","targetHints":{"allow":["GET"]}}],"collection":[{"href":"https:\/\/onlineacademiccommunity.uvic.ca\/cortexlab\/wp-json\/wp\/v2\/pages"}],"about":[{"href":"https:\/\/onlineacademiccommunity.uvic.ca\/cortexlab\/wp-json\/wp\/v2\/types\/page"}],"author":[{"embeddable":true,"href":"https:\/\/onlineacademiccommunity.uvic.ca\/cortexlab\/wp-json\/wp\/v2\/users\/6141"}],"replies":[{"embeddable":true,"href":"https:\/\/onlineacademiccommunity.uvic.ca\/cortexlab\/wp-json\/wp\/v2\/comments?post=1039"}],"version-history":[{"count":6,"href":"https:\/\/onlineacademiccommunity.uvic.ca\/cortexlab\/wp-json\/wp\/v2\/pages\/1039\/revisions"}],"predecessor-version":[{"id":1749,"href":"https:\/\/onlineacademiccommunity.uvic.ca\/cortexlab\/wp-json\/wp\/v2\/pages\/1039\/revisions\/1749"}],"wp:attachment":[{"href":"https:\/\/onlineacademiccommunity.uvic.ca\/cortexlab\/wp-json\/wp\/v2\/media?parent=1039"}],"curies":[{"name":"wp","href":"https:\/\/api.w.org\/{rel}","templated":true}]}}

<p>[et_pb_section fb_built=&#8221;1&#8243; custom_padding_last_edited=&#8221;on|desktop&#8221; admin_label=&#8221;section&#8221; _builder_version=&#8221;4.16&#8243; background_color=&#8221;#000000&#8243; custom_padding_tablet=&#8221;50px|0|50px|0&#8243; custom_padding_phone=&#8221;&#8221; padding_mobile=&#8221;off&#8221; global_colors_info=&#8221;{}&#8221;][et_pb_row padding_mobile=&#8221;off&#8221; column_padding_mobile=&#8221;on&#8221; admin_label=&#8221;row&#8221; _builder_version=&#8221;4.16&#8243; background_size=&#8221;initial&#8221; background_position=&#8221;top_left&#8221; background_repeat=&#8221;repeat&#8221; custom_padding=&#8221;6px|50px|27px|50px&#8221; global_colors_info=&#8221;{}&#8221;][et_pb_column type=&#8221;4_4&#8243; _builder_version=&#8221;4.16&#8243; custom_padding=&#8221;|||&#8221; global_colors_info=&#8221;{}&#8221; custom_padding__hover=&#8221;|||&#8221;][et_pb_text _builder_version=&#8221;4.16&#8243; background_size=&#8221;initial&#8221; background_position=&#8221;top_left&#8221; background_repeat=&#8221;repeat&#8221; background_layout=&#8221;dark&#8221; z_index_tablet=&#8221;500&#8243; text_text_shadow_horizontal_length_tablet=&#8221;0px&#8221; text_text_shadow_vertical_length_tablet=&#8221;0px&#8221; text_text_shadow_blur_strength_tablet=&#8221;1px&#8221; link_text_shadow_horizontal_length_tablet=&#8221;0px&#8221; link_text_shadow_vertical_length_tablet=&#8221;0px&#8221; link_text_shadow_blur_strength_tablet=&#8221;1px&#8221; ul_text_shadow_horizontal_length_tablet=&#8221;0px&#8221; ul_text_shadow_vertical_length_tablet=&#8221;0px&#8221; ul_text_shadow_blur_strength_tablet=&#8221;1px&#8221; ol_text_shadow_horizontal_length_tablet=&#8221;0px&#8221; ol_text_shadow_vertical_length_tablet=&#8221;0px&#8221; ol_text_shadow_blur_strength_tablet=&#8221;1px&#8221; quote_text_shadow_horizontal_length_tablet=&#8221;0px&#8221; quote_text_shadow_vertical_length_tablet=&#8221;0px&#8221; quote_text_shadow_blur_strength_tablet=&#8221;1px&#8221; header_text_shadow_horizontal_length_tablet=&#8221;0px&#8221; header_text_shadow_vertical_length_tablet=&#8221;0px&#8221; header_text_shadow_blur_strength_tablet=&#8221;1px&#8221; header_2_text_shadow_horizontal_length_tablet=&#8221;0px&#8221; header_2_text_shadow_vertical_length_tablet=&#8221;0px&#8221; header_2_text_shadow_blur_strength_tablet=&#8221;1px&#8221; header_3_text_shadow_horizontal_length_tablet=&#8221;0px&#8221; header_3_text_shadow_vertical_length_tablet=&#8221;0px&#8221; header_3_text_shadow_blur_strength_tablet=&#8221;1px&#8221; header_4_text_shadow_horizontal_length_tablet=&#8221;0px&#8221; header_4_text_shadow_vertical_length_tablet=&#8221;0px&#8221; header_4_text_shadow_blur_strength_tablet=&#8221;1px&#8221; header_5_text_shadow_horizontal_length_tablet=&#8221;0px&#8221; header_5_text_shadow_vertical_length_tablet=&#8221;0px&#8221; header_5_text_shadow_blur_strength_tablet=&#8221;1px&#8221; header_6_text_shadow_horizontal_length_tablet=&#8221;0px&#8221; header_6_text_shadow_vertical_length_tablet=&#8221;0px&#8221; header_6_text_shadow_blur_strength_tablet=&#8221;1px&#8221; box_shadow_horizontal_tablet=&#8221;0px&#8221; box_shadow_vertical_tablet=&#8221;0px&#8221; box_shadow_blur_tablet=&#8221;40px&#8221; box_shadow_spread_tablet=&#8221;0px&#8221; global_colors_info=&#8221;{}&#8221;]</p>
<div id="body_layer">
<div id="id10" class="style_SkipStroke_4 shape-with-text">
<div class="text-content graphic_textbox_layout_style_default_External_656_7819">
<div class="graphic_textbox_layout_style_default">
<h2 class="paragraph_style_1" style="text-align: center"><strong>Book Chapters</strong></h2>
<p><span>Garcia-Barrera, M. A. (2022). Mis Conversaciones sobre la Función Ejecutiva con el Gran Alfredo Ardila. In N. Ocampo-Barba (Ed.), </span><em>Alfredo Ardila: Neuropsicología desde y hacia Latinoamérica</em><span> (pp. 149-191). Instituto de Neurociencias Comportamentales, Universidad Autónoma Gabriel René Moreno, Bolivia.</span> </p>
<p>Garcia-Barrera, M. A. (2021). McCloskey Executive Functions Scale (test review). In J. F. Carlson, K. F. Geisinger, &amp; J. L. Jonson (Eds.), <em>The Twenty-First Mental Measurements Yearbook</em> (pp. 394-396). Lincoln, NE: Buros Center for Testing.</p>
<p>Garcia-Barrera, M. A. (2021). Executive Functions Test-Elementary: Normative Update (test review). In J. F. Carlson, K. F. Geisinger, &amp; J. L. Jonson (Eds.), <em>The Twenty-First Mental Measurements Yearbook</em> (pp. 254-256). Lincoln, NE: Buros Center for Testing.</p>
<p>Garcia-Barrera, M. A. (2019). Unity and diversity of dysexecutive syndromes. In: Ardila A., Fatima S., Rosselli M. (Eds) Dysexecutive Syndromes (pp. 3-27). Springer, Cham. <a href="https://doi.org/10.1007/978-3-030-25077-5_1" target="_blank" rel="noopener noreferrer" data-saferedirecturl="https://www.google.com/url?q=https://doi.org/10.1007/978-3-030-25077-5_1&amp;source=gmail&amp;ust=1573072962152000&amp;usg=AFQjCNFfkKnajfx2mEVBZHVjVRE0eSkDbg">https://doi.org/10.1007/978-3-030-25077-5_1</a></p>
<p>Garcia-Barrera M. A., Agate F. T., Wong R. E., Smart C. M., &amp; Karr J. E. (2019) Executive Dysfunction After Traumatic Brain Injury. In: Ardila A., Fatima S., Rosselli M. (Eds) Dysexecutive Syndromes (pp. 83-122). Springer, Cham. <a href="https://doi.org/10.1007/978-3-030-25077-5_5" target="_blank" rel="noopener noreferrer" data-saferedirecturl="https://www.google.com/url?q=https://doi.org/10.1007/978-3-030-25077-5_5&amp;source=gmail&amp;ust=1573072962152000&amp;usg=AFQjCNGBL_zipIjkcqhf-jtsKpaVoJiLmw">https://doi.org/10.1007/978-3-030-25077-5_5</a></p>
<p>Agate, F. T. &amp; Garcia-Barrera, M. A. (2019). Assessment issues within neuropsychological settings. Suhr J, &amp; Sellbom M. <em>Cambridge Handbook of Clinical Assessment and Diagnosis</em> (pp. 1-25). Cambridge University Press.</p>
<p><span>Garcia-Barrera, M. A. (2017). Nonverbal Stroop Card Sorting Test (test review). In J. F. Carlson, K. F. Geisinger, &amp; J. L. Jonson (Eds.), </span><em>The Twentieth Mental Measurements Yearbook</em><span> (pp. 531-536). Lincoln, NE: Buros Center for Testing.</span></p>
<p>Duggan, E. C., &amp; Garcia-Barrera, M. A. (2015). Executive functioning and intelligence. In S. Goldstein, J. A. Naglieri, &amp; D. Princiotta (Eds.), <em>Handbook of intelligence: Evolutionary theory, historical perspective, and current concepts </em> (pp. 435-458). New York: Springer Publishing Co. http://dx.doi.org/10.1007/978-1-4939-1562-0_27</p>
<p>Garcia-Barrera, M. A., Smart, C. M., &amp; Mateer, C. A. (2014). Rehabilitación neuropsicológica de las funciones ejecutivas [Neuropsychological rehabilitation of executive functions]. In A. L. Dotor-Llerena &amp; J. C. Arango-Lasprilla (Eds.), <em>Rehabilitación cognitiva de personas con lesión cerebral [Cognitive rehabilitation of people with brain injury]</em> (pp. 165-186). Mexico, D. C.: Trillas.</p>
<p>Garcia-Barrera, M. A., Duggan, E. C., Karr, J. E., &amp; Reynolds, C. R. (2014). Examining executive functions using the Behavior Assessment System for Children. In S. Goldstein &amp; J. Naglieri (Eds.), <em>Handbook of executive functioning</em> (pp. 283-299). New York: Springer Publishing Co. doi: 10.1007/978-1-4614-8106-5_17</p>
<p>Garcia-Barrera, M. A &amp; Moore, W. R. (2013). History-taking, clinical interviewing, and the mental status examination in child assessment. In D. H. Saklofske, V. L. Schwean, &amp; C. Reynolds (Eds.), <em>Oxford Handbook of Psychological Assessment of Children and Adolescents</em> (pp. 423-444). Oxford University Press.</p>
<p>Garcia-Barrera, M. A., Direnfeld, E., Frazer, J., Moore, W. R. (2012). Objective and projective assessment techniques. In C.A. Noggle &amp; R. S. Dean (Eds.) <em>The Neuropsychology of Psychopathology</em> (pp. 473-494). New York: Springer Publishing Company.</p>
<p>Garcia-Barrera, M. A. (2012). Psychopathology of mood disorders. In A. Davis (Ed.)<em> Psychopathology of Childhood and Adolescence. A Neuropsychological Approach</em> (pp. 385-413). New York: Springer Publishing Company.</p>
<p>Garcia-Barrera, M. A. (2011). Mood disorders of childhood and adolescence. In A. Davis (Eds.), <em>Handbook of Pediatric Neuropsychology</em> (pp. 647-667). New York: Springer Publishing Company</p>
<p>Garcia-Barrera, M. A. (2008). Alteraciones de la función ejecutiva como factor común a los trastornos del comportamiento en niños escolarizados [Executive function impairments as a common factor among behavioral disorders in school-aged children]. In D. A. Pineda (Ed.) <em>GRUNECO:10 años de investigación en neuropsicología</em> (pp. 65 &#8211; 79). Medellin: Editorial Universidad San Buenaventura. .</p>
<p>Garcia-Barrera, M. A., &amp; Kamphaus, R. W. (2006). Attention Deficit Hyperactivity Disorder. In R. W. Kamphaus &amp; J. Campbell (Eds.), <em>Psychodiagnostic Assessment of Children: Dimensional and Categorical Methods</em> (pp. 319-355). New York: Wiley Press.</p>
<p>Sanchez, J., Miller, C. J., Garcia, M. A., &amp; Hynd, G. W. (2005). Reading Disabilities in Children with Attention-Deficit Hyperactivity Disorder. In  D. Gozal &amp; D. L. Molfese (Eds.) <em>Attention Deficit Hyperactivity Disorder: From Genes to Animal Models to Patients</em> (pp. 337-358). Totowa, NJ: Humana Press.</p>
</div>
</div>
</div>
</div>
<p>[/et_pb_text][/et_pb_column][/et_pb_row][/et_pb_section]</p>

<p>Book Chapters Garcia-Barrera, M. A. (2022). Mis Conversaciones sobre la Función Ejecutiva con el Gran Alfredo Ardila. In N. Ocampo-Barba (Ed.), Alfredo Ardila: Neuropsicología desde y hacia Latinoamérica (pp. 149-191). Instituto de Neurociencias Comportamentales, Universidad Autónoma Gabriel René Moreno, Bolivia.  Garcia-Barrera, M. A. (2021). McCloskey Executive Functions Scale (test review). In J. F. Carlson, K. [&hellip;]</p>
